{"id":17,"date":"2019-07-09T12:49:33","date_gmt":"2019-07-09T09:49:33","guid":{"rendered":"http:\/\/makyajkursu.org\/?page_id=17"},"modified":"2019-07-09T12:49:33","modified_gmt":"2019-07-09T09:49:33","slug":"makyaj-kursu-6","status":"publish","type":"page","link":"http:\/\/makyajkursu.org\/index.php\/makyaj-kursu-6\/","title":{"rendered":"Makyaj Kursu"},"content":{"rendered":"\n<p><strong>%100 PROFESYONEL MAKYAJ \u00d6\u011eRENME GARANT\u0130L\u0130<\/strong> <\/p>\n\n\n\n<h2 class=\"wp-block-heading\">Makyaj Kursu&nbsp; Ders Program\u0131<\/h2>\n\n\n\n<p>Makyaj Kursu Haftada 1 g\u00fcn olmak \u00fczere 8 Hafta S\u00fcrecektir.<\/p>\n\n\n\n<ul class=\"wp-block-list\"><li><strong>Makyaj Kursu<\/strong> S\u00fcresince Neler \u00d6\u011freneceksiniz?<\/li><li>Profesyonel Makyaj \u00fcr\u00fcnlerinin tan\u0131m\u0131, kullan\u0131m ve temizlik teknikleri<\/li><li>Makyaj ile y\u00fczdeki kusurlar\u0131 kapatma teknikleri ve do\u011fru uygulamalar\u0131<\/li><li>G\u00fcnd\u00fcz ve Gece Makyaj teknikleri ve uygulamalar\u0131<\/li><li>Farkl\u0131 y\u00fcz anatomisi ve farkl\u0131 y\u00fcz \u015fekilleri ve morfolojisine g\u00f6re makyaj nas\u0131l yap\u0131l\u0131r<\/li><li>Makyajda Renk ve \u0131\u015f\u0131k bilgisi<\/li><li>Ka\u015f \u015fekillendirme ve ka\u015f tasar\u0131m\u0131, Kirpik ekleme ve boyama teknikleri ve uygulamalar\u0131<\/li><li>Foto\u011fraf Makyaj teknikleri ve uygulamalar\u0131<\/li><li>Aqua Makyaj (Su bazl\u0131) teknikleri ve uygulamalar\u0131<\/li><li>Fantastik Makyaj ve Show Makyaj\u0131 teknikleri ve uygulamalar\u0131<\/li><li>Porselen ve Gelin Makyaj teknikleri ve uygulamalar\u0131<\/li><li>Smokey Eyes Makyaj teknikleri ve uygulamalar\u0131<\/li><li>High Definition (HD) Make-Up \u2013 Televizyon Makyaj\u0131 teknikleri ve uygulamalar\u0131<\/li><\/ul>\n\n\n\n<div class=\"wp-block-image\"><figure class=\"aligncenter\"><a href=\"https:\/\/web.archive.org\/web\/20180831172828\/http:\/\/makyajkursu.org\/wp-content\/uploads\/2013\/08\/Makyaj-Kursu.jpg\" rel=\"wp-prettyPhoto[17]\"><img decoding=\"async\" src=\"https:\/\/web.archive.org\/web\/20180831172828im_\/http:\/\/makyajkursu.org\/wp-content\/uploads\/2013\/08\/Makyaj-Kursu.jpg\" alt=\"Makyaj Kursu\" class=\"wp-image-99\"\/><\/a><figcaption>makyaj-e\u011fitimi<\/figcaption><\/figure><\/div>\n","protected":false},"excerpt":{"rendered":"<p>%100 PROFESYONEL MAKYAJ \u00d6\u011eRENME GARANT\u0130L\u0130 Makyaj Kursu&nbsp; Ders Program\u0131 Makyaj Kursu Haftada 1 g\u00fcn olmak \u00fczere 8 Hafta S\u00fcrecektir. Makyaj Kursu S\u00fcresince Neler \u00d6\u011freneceksiniz? Profesyonel Makyaj \u00fcr\u00fcnlerinin tan\u0131m\u0131, kullan\u0131m ve temizlik teknikleri Makyaj ile y\u00fczdeki kusurlar\u0131 kapatma teknikleri ve do\u011fru uygulamalar\u0131 G\u00fcnd\u00fcz ve Gece Makyaj teknikleri ve<\/p>\n","protected":false},"author":1,"featured_media":0,"parent":0,"menu_order":0,"comment_status":"closed","ping_status":"closed","template":"","meta":{"footnotes":""},"tags":[],"class_list":["post-17","page","type-page","status-publish","hentry"],"aioseo_notices":[],"_links":{"self":[{"href":"http:\/\/makyajkursu.org\/index.php\/wp-json\/wp\/v2\/pages\/17","targetHints":{"allow":["GET"]}}],"collection":[{"href":"http:\/\/makyajkursu.org\/index.php\/wp-json\/wp\/v2\/pages"}],"about":[{"href":"http:\/\/makyajkursu.org\/index.php\/wp-json\/wp\/v2\/types\/page"}],"author":[{"embeddable":true,"href":"http:\/\/makyajkursu.org\/index.php\/wp-json\/wp\/v2\/users\/1"}],"replies":[{"embeddable":true,"href":"http:\/\/makyajkursu.org\/index.php\/wp-json\/wp\/v2\/comments?post=17"}],"version-history":[{"count":1,"href":"http:\/\/makyajkursu.org\/index.php\/wp-json\/wp\/v2\/pages\/17\/revisions"}],"predecessor-version":[{"id":18,"href":"http:\/\/makyajkursu.org\/index.php\/wp-json\/wp\/v2\/pages\/17\/revisions\/18"}],"wp:attachment":[{"href":"http:\/\/makyajkursu.org\/index.php\/wp-json\/wp\/v2\/media?parent=17"}],"wp:term":[{"taxonomy":"post_tag","embeddable":true,"href":"http:\/\/makyajkursu.org\/index.php\/wp-json\/wp\/v2\/tags?post=17"}],"curies":[{"name":"wp","href":"https:\/\/api.w.org\/{rel}","templated":true}]}}