{"id":21,"date":"2019-07-09T12:51:49","date_gmt":"2019-07-09T09:51:49","guid":{"rendered":"http:\/\/makyajkursu.org\/?page_id=21"},"modified":"2019-07-09T12:51:49","modified_gmt":"2019-07-09T09:51:49","slug":"makyaj-kursu-fiyatlari","status":"publish","type":"page","link":"http:\/\/makyajkursu.org\/index.php\/makyaj-kursu-fiyatlari\/","title":{"rendered":"Makyaj Kursu Fiyatlar\u0131"},"content":{"rendered":"\n<h2 class=\"wp-block-heading\">Profesyonel Makyaj Kursu Fiyatlar\u0131<\/h2>\n\n\n\n<h3 class=\"wp-block-heading\">Profesyonel Makyaj Kursu Fiyatlar\u0131 by Make-Up PRO Academy<\/h3>\n\n\n\n<p><em><strong>Makyaj Kursu Fiyatlar\u0131<\/strong><\/em> ve E\u011fitim Detaylar\u0131 i\u00e7in aray\u0131n\u0131z <em><strong>0212 5713673<\/strong><\/em><\/p>\n\n\n\n<ul class=\"wp-block-list\"><li>Uzun d\u00f6nem makyaj kurslar\u0131<\/li><li>H\u0131zland\u0131r\u0131lm\u0131\u015f makyaj kurslar\u0131<\/li><li><a href=\"https:\/\/web.archive.org\/web\/20180831174019\/http:\/\/makyajkursu.org\/ozel-makyaj-kursu.html\" target=\"_blank\" rel=\"noreferrer noopener\">\u00d6zel makyaj kurslar\u0131<\/a><\/li><li>Ki\u015fisel Makyaj Kurslar\u0131<\/li><li>Efekt makyaj kurslar\u0131<\/li><li>Kal\u0131c\u0131 makyaj kurslar\u0131<\/li><\/ul>\n\n\n\n<div class=\"wp-block-image\"><figure class=\"alignleft\"><a href=\"https:\/\/web.archive.org\/web\/20180831174019\/http:\/\/makyajkursu.org\/wp-content\/uploads\/2013\/11\/Makyaj-Kursu-Fiyatlar\u0131.jpg\"><img decoding=\"async\" src=\"https:\/\/web.archive.org\/web\/20180831174019im_\/http:\/\/makyajkursu.org\/wp-content\/uploads\/2013\/11\/Makyaj-Kursu-Fiyatlar\u0131-300x200.jpg\" alt=\"Makyaj Kursu Fiyatlar\u0131\" class=\"wp-image-273\"\/><\/a><\/figure><\/div>\n\n\n\n<p><strong>E\u011fitim \u00c7e\u015fitleri :<\/strong><\/p>\n\n\n\n<ul class=\"wp-block-list\"><li>Uzun D\u00f6nem Normal Kurslar<br>\nHaftada 1 G\u00fcn Toplam 8 Hafta<\/li><li>Ki\u015fisel H\u0131zland\u0131r\u0131lm\u0131\u015f Makyaj Kurslar\u0131<br>\n1 Hafta ( 7 G\u00fcn s\u00fcren ) Toplam 42 saat&nbsp; ( 11.00 ile 17.00&nbsp; aras\u0131nda ) \nKi\u015filere \u00f6zel verilen e\u011fitimlerdir. \u015eehir d\u0131\u015f\u0131 veya yurt d\u0131\u015f\u0131ndan \nkat\u0131lmak isteyenler i\u00e7in ideal bir e\u011fitimdir.<\/li><li>Ki\u015fiye \u00d6zel Bireysel E\u011fitim<br>\n1 Hafta ( 7 G\u00fcn s\u00fcren ) Toplam 42 saat&nbsp; ( 11.00 ile 17.00&nbsp; aras\u0131nda ) Ki\u015fiye \u00f6zel , birebir verilen e\u011fitimlerdir .<\/li><li>Ki\u015fisel Sinema ve Show Makyaj\u0131 E\u011fitimleri<br>\n1 Hafta ( 7 G\u00fcn s\u00fcren ) Toplam 42 saat&nbsp; ( 11.00 ile 17.00&nbsp; aras\u0131nda ) \nKi\u015fiye \u00f6zel , setlerde ve tv sekt\u00f6r\u00fcnde \u00e7al\u0131\u015fmaya y\u00f6nelik verilen Makyaj\n E\u011fitimi.<\/li><li>Ki\u015fisel Efekt Makyaj E\u011fitimi<br>\nEfekt makyaj konusunda E\u011fitim almak isteyen Ki\u015filer i\u00e7in idealdir.<br>\n2 G\u00fcn Saat ( 12.00 \u2013 17.00 aras\u0131 )<\/li><\/ul>\n\n\n\n<ul class=\"wp-block-list\"><li>Ki\u015fisel G\u00fcnl\u00fck E\u011fitimler<\/li><li>G\u00fcnl\u00fck E\u011fitim Toplam 3 Saat<\/li><\/ul>\n\n\n\n<div class=\"wp-block-image\"><figure class=\"aligncenter\"><a href=\"https:\/\/web.archive.org\/web\/20180831174019\/http:\/\/makyajkursu.org\/wp-content\/uploads\/2013\/11\/Makyaj-Kurslar\u0131-2.jpg\"><img decoding=\"async\" src=\"https:\/\/web.archive.org\/web\/20180831174019im_\/http:\/\/makyajkursu.org\/wp-content\/uploads\/2013\/11\/Makyaj-Kurslar\u0131-2.jpg\" alt=\"Makyaj Kurslar\u0131 \" class=\"wp-image-167\"\/><\/a><figcaption>Makyaj Kursu Fiyatlar\u0131 <\/figcaption><\/figure><\/div>\n\n\n\n<p><\/p>\n","protected":false},"excerpt":{"rendered":"<p>Profesyonel Makyaj Kursu Fiyatlar\u0131 Profesyonel Makyaj Kursu Fiyatlar\u0131 by Make-Up PRO Academy Makyaj Kursu Fiyatlar\u0131 ve E\u011fitim Detaylar\u0131 i\u00e7in aray\u0131n\u0131z 0212 5713673 Uzun d\u00f6nem makyaj kurslar\u0131 H\u0131zland\u0131r\u0131lm\u0131\u015f makyaj kurslar\u0131 \u00d6zel makyaj kurslar\u0131 Ki\u015fisel Makyaj Kurslar\u0131 Efekt makyaj kurslar\u0131 Kal\u0131c\u0131 makyaj kurslar\u0131 E\u011fitim \u00c7e\u015fitleri : Uzun D\u00f6nem Normal<\/p>\n","protected":false},"author":1,"featured_media":0,"parent":0,"menu_order":0,"comment_status":"closed","ping_status":"closed","template":"","meta":{"footnotes":""},"tags":[],"class_list":["post-21","page","type-page","status-publish","hentry"],"aioseo_notices":[],"_links":{"self":[{"href":"http:\/\/makyajkursu.org\/index.php\/wp-json\/wp\/v2\/pages\/21","targetHints":{"allow":["GET"]}}],"collection":[{"href":"http:\/\/makyajkursu.org\/index.php\/wp-json\/wp\/v2\/pages"}],"about":[{"href":"http:\/\/makyajkursu.org\/index.php\/wp-json\/wp\/v2\/types\/page"}],"author":[{"embeddable":true,"href":"http:\/\/makyajkursu.org\/index.php\/wp-json\/wp\/v2\/users\/1"}],"replies":[{"embeddable":true,"href":"http:\/\/makyajkursu.org\/index.php\/wp-json\/wp\/v2\/comments?post=21"}],"version-history":[{"count":1,"href":"http:\/\/makyajkursu.org\/index.php\/wp-json\/wp\/v2\/pages\/21\/revisions"}],"predecessor-version":[{"id":22,"href":"http:\/\/makyajkursu.org\/index.php\/wp-json\/wp\/v2\/pages\/21\/revisions\/22"}],"wp:attachment":[{"href":"http:\/\/makyajkursu.org\/index.php\/wp-json\/wp\/v2\/media?parent=21"}],"wp:term":[{"taxonomy":"post_tag","embeddable":true,"href":"http:\/\/makyajkursu.org\/index.php\/wp-json\/wp\/v2\/tags?post=21"}],"curies":[{"name":"wp","href":"https:\/\/api.w.org\/{rel}","templated":true}]}}