{"id":25,"date":"2019-07-09T12:57:52","date_gmt":"2019-07-09T09:57:52","guid":{"rendered":"http:\/\/makyajkursu.org\/?page_id=25"},"modified":"2023-10-16T01:42:48","modified_gmt":"2023-10-15T22:42:48","slug":"iletisim","status":"publish","type":"page","link":"http:\/\/makyajkursu.org\/index.php\/iletisim\/","title":{"rendered":"\u0130leti\u015fim"},"content":{"rendered":"<h2>Makyaj Kursu PRO &amp; Profesyonel Makyaj E\u011fitimi By Make-Up PRO<\/h2>\n\n<div class=\"wp-block-image\">\n<figure class=\"aligncenter\"><a href=\"http:\/\/sackaynak.com.tr\/wp-content\/uploads\/2014\/11\/sach.jpg\" rel=\"wp-prettyPhoto[25]\"><img decoding=\"async\" src=\"http:\/\/sackaynak.com.tr\/wp-content\/uploads\/2014\/11\/sach-300x200.jpg\" alt=\"sach\" class=\"wp-image-11005\"\/><\/a><\/figure><\/div>\n\n\n<figure><iframe loading=\"lazy\" src=\"https:\/\/www.google.com\/maps\/embed?pb=!1m14!1m8!1m3!1d1505.9174643436645!2d28.7957697!3d40.9850953!3m2!1i1024!2i768!4f13.1!3m3!1m2!1s0x0%3A0x3ca5197afc9a675f!2sSACH+SA%C3%87+KAYNAK+MERKEZ%C4%B0!5e0!3m2!1str!2s!4v1425428846409\" width=\"600\" height=\"450\"><\/iframe><\/figure>\n\n\n\n<p> <strong>MAKE-UP PRO ACADEMY <\/strong> MAKYAJ KURSU<\/p>\n\n\n\n<p><strong>\u015eenlikk\u00f6y Mah. \u00dcniversite Sok. No: 5, Florya, 34153 , \u0130stanbul , T\u00fcrkiye<\/strong><\/p>\n\n\n\n<p><strong>Telefon &amp; WhatsApp +90 532 301 86 90<\/strong><\/p>\n\n\n\n<p>Telefon: 0212 542 45 85<\/p>\n","protected":false},"excerpt":{"rendered":"<p>Makyaj Kursu PRO &amp; Profesyonel Makyaj E\u011fitimi By Make-Up PRO MAKE-UP PRO ACADEMY MAKYAJ KURSU \u015eenlikk\u00f6y Mah. \u00dcniversite Sok. No: 5, Florya, 34153 , \u0130stanbul , T\u00fcrkiye Telefon &amp; WhatsApp +90 532 301 86 90 Telefon: 0212 542 45 85<\/p>\n","protected":false},"author":1,"featured_media":0,"parent":0,"menu_order":0,"comment_status":"closed","ping_status":"closed","template":"page-Contact.php","meta":{"footnotes":""},"tags":[],"class_list":["post-25","page","type-page","status-publish","hentry"],"aioseo_notices":[],"_links":{"self":[{"href":"http:\/\/makyajkursu.org\/index.php\/wp-json\/wp\/v2\/pages\/25","targetHints":{"allow":["GET"]}}],"collection":[{"href":"http:\/\/makyajkursu.org\/index.php\/wp-json\/wp\/v2\/pages"}],"about":[{"href":"http:\/\/makyajkursu.org\/index.php\/wp-json\/wp\/v2\/types\/page"}],"author":[{"embeddable":true,"href":"http:\/\/makyajkursu.org\/index.php\/wp-json\/wp\/v2\/users\/1"}],"replies":[{"embeddable":true,"href":"http:\/\/makyajkursu.org\/index.php\/wp-json\/wp\/v2\/comments?post=25"}],"version-history":[{"count":5,"href":"http:\/\/makyajkursu.org\/index.php\/wp-json\/wp\/v2\/pages\/25\/revisions"}],"predecessor-version":[{"id":162,"href":"http:\/\/makyajkursu.org\/index.php\/wp-json\/wp\/v2\/pages\/25\/revisions\/162"}],"wp:attachment":[{"href":"http:\/\/makyajkursu.org\/index.php\/wp-json\/wp\/v2\/media?parent=25"}],"wp:term":[{"taxonomy":"post_tag","embeddable":true,"href":"http:\/\/makyajkursu.org\/index.php\/wp-json\/wp\/v2\/tags?post=25"}],"curies":[{"name":"wp","href":"https:\/\/api.w.org\/{rel}","templated":true}]}}